 + -1. Let g be (-30)/d*(-212)/6. Suppose 0*c - 5*c + g = 0. Is c composite?
False
Suppose 3*q - 23 - 19 = 0. Is 1*(3/(-3) + q) composite?
False
Suppose 254 = 5*r - 3*r. Is r a composite number?
False
Let f = -5 + 23. Let s = 79 + f. Is s a composite number?
False
Is 26/(0 - (-8)/28) composite?
True
Suppose a = 6 + 6. Let f = 20 - a. Suppose 3*o - 270 = -5*q + f*o, 3*o + 56 = q. Is q composite?
False
Let c(u) = 64*u - 3. Let z = 4 - 10. Let n be c(z). Let j = 544 + n. Is j a prime number?
True
Let q = 345 + 806. Is q composite?
False
Suppose 2*c + 0*c - 2071 = 3*k, -4*c + 4149 = k. Let h = c + -666. Is h a composite number?
True
Let a(v) = -5*v**2 + v + 2. Let o be a(4). Let r = o + 157. Is r a prime number?
True
Let g be 4 - 4 - (326 - 0). Is g*1/(-2) + -2 composite?
True
Let m = -40 + 117. Is m composite?
True
Suppose -3*u + 5*o - 2*o = 702, 3*o = u + 230. Let t = -353 + 194. Let l = t - u. Is l prime?
False
Let u = -305 - -519. Let v = 483 - u. Is v a prime number?
True
Let o be 1/(-1*(-3)/15). Suppose w = -o*s + 4*w + 652, -3*w + 134 = s. Is s a composite number?
False
Let v(y) = 101*y - 14. Is v(11) a prime number?
True
Let f be 34/6 + (-3)/(-9). Suppose 0 = -2*p + 3*n + f + 16, -4*p = 4*n - 64. Is 5*((-3 - 0) + p) a composite number?
True
Let j be 2/(-7) + 48/21. Let l(s) = 9*s**3 + 2*s**2 - 1. Is l(j) a prime number?
True
Let l = -97 + -9. Let h = -75 - l. Is h composite?
False
Let k(l) be the second derivative of -10*l**4/3 - 7*l**2/2 - l. Let j(w) = -79*w**2 - 15. Let m(i) = 6*j(i) - 13*k(i). Is m(-1) a prime number?
True
Let b(o) = o**3 - 5*o**2 + 4*o + 4. Let p be b(4). Suppose 20 = p*j, v + 4*j - 12 - 54 = 0. Is v a prime number?
False
Let n(m) = m**3 + 18*m**2 + 14*m - 9. Let q be n(-17). Let u(b) = b - 1. Let g be u(3). Suppose -5*p + q = d, -3*p = g*d - 91 - 14. Is d a composite number?
True
Let i be (4/12)/((-2)/114). Let c = i + 33. Is c composite?
True
Let f be (-236)/(-4) - (1 + -1). Let r = f + -40. Is r a composite number?
False
Let v be (-3)/(7/(28/6)). Is (v/3)/((-10)/1665) a composite number?
True
Let l(w) = 35*w + 12. Let x be l(5). Is (-5)/(-10) - x/(-2) composite?
True
Suppose -153 = 5*v - 528. Suppose -4*y - 3*w - 86 = 0, -4*y - v + 1 = -3*w. Is (-6)/8 + (-1915)/y prime?
False
Suppose 4*g + 23 = 5*g. Let r = -4 + g. Is r prime?
True
Suppose b + 2*b = 3*o, b + 4*o = 10. Is (8/4)/(b/35) composite?
True
Let v(z) be the third derivative of z**6/120 + z**5/20 - z**4/12 + 2*z**3/3 + z**2. Suppose 15 = -3*q - 2*q. Is v(q) a composite number?
True
Let y = -18 - -9. Let v = -3 - y. Let b(j) = j**3 - 5*j**2 - 3*j - 5. Is b(v) prime?
True
Let d = -517 - -789. Suppose 2*h - 512 = d. Is 1/3 + h/12 prime?
False
Let b(p) = p. Let v be b(6). Suppose -1240 = h - v*h. Suppose 3*c + 0*o - o - h = 0, c - 2*o - 81 = 0. Is c a composite number?
False
Let j(r) = r**3 - r**2 + 279. Let y be ((-3 + 3)/(-3))/(-2). Let g be j(y). Suppose -4*u = -5*s + 119 - 334, 0 = 5*u + 4*s - g. Is u a prime number?
False
Is -5 + 266 - (-8)/(-4) a composite number?
True
Let n = 19 - 11. Suppose n*z - 400 = 3*z. Let p = 135 - z. Is p prime?
False
Suppose 108 - 318 = -b. Suppose -3*k - 3 = 0, 2*v + 4*k = v. Suppose v*m = 5*a + b, 3*a + 6 = 6*a. Is m a prime number?
False
Let c = 215 + -126. Is c a prime number?
True
Let l be (3 + -4)*3 + 3. Suppose 0 = 4*z - l*z + 12. Is 1/((0 - z)/9) composite?
False
Let i = -372 + 1709. Is i composite?
True
Let k = 2725 - 1086. Is k a prime number?
False
Is (-3)/(12/(-8)) + 261 composite?
False
Let t(h) = 53*h**2 + 8*h - 4. Is t(5) a composite number?
False
Let f(u) = 12 - 17*u - u**2 + 0 + 3. Is f(-13) composite?
False
Suppose 5*l = 2*a - 92 - 102, -2*a - l = -194. Is a a prime number?
True
Let c be (1 - (1 + -5))*-2. Let k be (44/c)/(1/5). Let z = 31 - k. Is z a composite number?
False
Let c = -6 - -10. Suppose 0 = -5*a + c*t - 125, -a + 2*t = -0*t + 25. Let w = -10 - a. Is w a prime number?
False
Is 671/5 - 10/50 a prime number?
False
Suppose -4*n + 756 = 4*c, 3*c - 579 = -0*n + 3*n. Is c a composite number?
False
Suppose 6*h + 23 = -25. Is 2/h - (-6135)/12 composite?
True
Let g = 70 - 23. Let i = 196 - g. Is i composite?
False
Is ((-1134)/(-24) - -3)/((-1)/(-4)) a composite number?
True
Let f = 12 - 2. Suppose 2*n + f = 24. Is 5*4 - (n + -6) a composite number?
False
Let z(h) = -142*h + 1. Let a be z(-2). Is -1*a/(-5 + 2) a prime number?
False
Let w = -172 + 1571. Is w composite?
False
Suppose 0 = -3*h + m + 14, 2*h - 2*m = -5*m - 9. Suppose q + 4*q = -3*d - 2, q + 3*d - 2 = 0. Is h/q*35/(-5) composite?
True
Is -177*((-20)/5 + 3) composite?
True
Let k(z) = -z**3 - 8*z**2 + 7*z - 13. Let t be k(-9). Is (-1)/t + 66/5 prime?
True
Let h(c) = c**2 - 2*c - 3. Let n = 2 - -1. Let w be h(n). Suppose w*j - j + 14 = 0. Is j prime?
False
Suppose -2*k = -7*k. Let w(i) = 68 + 21 + k*i + i. Is w(0) composite?
False
Suppose 5*d - 3*w = -0*d - 312, -2*d + 5*w - 121 = 0. Let p be 18/((-3)/(d/6)). Let x = p - -14. Is x prime?
False
Let u = 6428 - 3319. Is u prime?
True
Suppose 19239 - 7090 = 5*s - j, j - 4854 = -2*s. Is s a composite number?
True
Let f = -91 + 165. Is f prime?
False
Let w = 22 - -47. Is w prime?
False
Let c(w) = 13*w - 3. Suppose 4*l = -3*q + 6*l + 12, 0 = -3*q - 5*l + 33. Suppose 2*i - q*i = -8. Is c(i) prime?
True
Let z be (-3)/2*(-4)/3. Is z/3*(-372)/(-8) a composite number?
False
Let m = 124 - 71. Let f = 110 - m. Is f prime?
False
Let p = 7 - 7. Suppose l + p*l - 89 = 0. Is l composite?
False
Suppose -6 = -p + 2*f, 4*p + 3*f - 4 = f. Let c = p + 5. Is c composite?
False
Let h(s) be the first derivative of -s**4/4 - s**3/3 + s**2/2 + 119*s + 12. Let a(p) = p**2 - 6*p + 5. Let k be a(5). Is h(k) a prime number?
False
Let j be (8 - 2)/(-2 - -4). Let t be 2/j - (-536)/(-12). Is 5/((-5)/t) + -1 a composite number?
False
Suppose -k - k - 4 = 0. Is ((-22)/k)/(2/10) prime?
False
Is 3897/36 + (-6)/(-8) prime?
True
Let u be -2*(-417)/6*2. Let n be (0 + -3)*u/(-6). Let c = 224 - n. Is c a prime number?
False
Is (-4)/(-2) + -6*(-56)/6 prime?
False
Let n = -9 + 11. Suppose z + 3*o = -4*z + 200, n*o = -4*z + 162. Is z composite?
False
Is (-44)/33 + (-12938)/(-6) a prime number?
False
Suppose -h + 2*h = 329. Is h prime?
False
Let x(s) = -s**3 - s**2 + 1. Let p be x(3). Let b = -16 - p. Is b composite?
False
Let h(b) = 2*b**3 - 3*b**2 + b + 7. Suppose -15*g - 35 = -20*g. Is h(g) prime?
False
Suppose 2*j + 4*q = -12, -j - 21 = 2*j + 3*q. Let x(t) = -4*t**2 + 4*t + 7. Let a(y) = 5*y**2 - 4*y - 7. Let r(g) = -3*a(g) - 4*x(g). Is r(j) a prime number?
True
Let r(p) = p**3 + 7*p**2 - 8*p + 3. Let z = 1 + -1. Suppose 24 = -3*w - z*w. Is r(w) a composite number?
False
Let z = -8 + 8. Suppose -k + 2*k + 2539 = 4*o, 4*o + k - 2541 = z. Is o a composite number?
True
Is (-3)/(6/844)*8/(-16) a prime number?
True
Let x(g) be the first derivative of -g**4/4 + g**3/3 - 5*g**2/2 - 3*g + 1. Let k(a) = -a**3 - 18*a**2 - 16*a + 13. Let r be k(-17). Is x(r) a prime number?
True
Let t(o) = -2*o + 1. Let w be t(3). Let h be 108/w - 2/5. Is h/(-2) - 2 - 2 a composite number?
False
Let i(n) = n**3 - 3*n**2 - 4*n + 3. Let v be i(4). Let x = v + 2. Suppose -3*g = 4*f - 152, -2*g = x*f - 0*g - 183. Is f composite?
True
Let f(p) = -4*p + 7. Is f(-12) a prime number?
False
Let d be (-1 + 2 - 1)/(-1). Suppose -2*i + 4*i = d. Suppose -6 = -2*m - i. Is m prime?
True
Let y be 12/21*(-7)/(-2). Suppose 5*p + 2*l + 1 = y*p, 0 = -4*l - 20. Is p composite?
False
Suppose -2*j = 4*m + j - 1, 10 = -2*j. Suppose m*y = -5*q + 189, 5*q - 5*y - 164 = 16. Is q a composite number?
False
Let w be (10/(-30))/((-1)/6). Suppose -24 = -u - w. Is u a prime number?
False
Suppose 0 = 5*n + 3*f - 114, 2*n = -2*n + f + 98. Suppose 3*u + u + n = 0. Is 91/3 + (-4)/u composite?
False
Suppose 0 = 2*l - 4 + 2. Is (-1 - -2)*(l + 46) a composite number?
False
Suppose j = 328 + 3. Is j a composite number?
False
Let j = 285 - -226. Is j a prime number?
False
Let y = -19 - -33. Let i = 135 + y. Is i a composite number?
False
Suppose 4*j + 7 = o, -2*j + 3 = -o - 0*j. Let v = o - -35. Is (v/8)/(2/8) a prime number?
True
Suppose -4*r - 3 = -5*r. Suppose 340 = 4*y + r*d, -2*d = -4*y - 4*d + 340. Is y a composite number?
True
Let j be 830/(-3) + 2/3. Let q be j/(-10) - 4/(-10). Suppose -d - d = y -